 9 - (3 - 0)) + 8
6
Evaluate 7 + 10 - 6 - (-3 - -3 - 3).
14
What is 38 - (-23 + 58 - 3)?
6
-35 - (0 + 23 + -64)
6
17 + 9 - 13 - (1 + 0)
12
-10 + 7 - -6 - -6
9
-15 + 2 + (19 - 1)
5
What is 15 + -4 + (-21 - -12)?
2
What is 13 + 0 + -4 + (11 - 10)?
10
-15 - (18 + 1 - 14)
-20
What is the value of 0 + -30 + (-15 - 43) + 64?
-24
What is -2 - (-3 + 6 + -4) - (34 - 36)?
1
26 + -5 + (-1 + -2 - 3)
15
7 + -9 - (22 + -21 + -1 + 3)
-5
(-4 - -1) + (8 - (1 - (-9 + 19)))
14
What is -15 - ((-11 - -8) + -3)?
-9
Calculate (10 - 1) + (-9 - 8 - -4).
-4
Calculate 2 + 1 + (-4 + -5 + 19 - 4).
9
What is 8 - (-11 + 1) - (14 - (17 - 5))?
16
Evaluate -3 + 1 - (-2 + 17 - 16).
-1
What is (-3 - -1) + 34 + -40?
-8
What is the value of -24 - (18 + -68 + 2)?
24
What is -16 + (23 + -14 - (-1 - -2))?
-8
Evaluate (-3 - (11 + 8 + 3)) + 4.
-21
Calculate 0 + 16 + -5 + -32 + 11.
-10
What is the value of -16 - (-10 - (-5 + (19 - -20)))?
28
Calculate -2 + 2 + 2 + -2 + -2.
-2
What is the value of (-51 - -39 - 9) + 15?
-6
Calculate -15 + -1 + (13 + -6 - (-2 + 2)).
-9
(-5 - -17 - 7 - -5) + (12 - 9)
13
-9 + 2 + (15 + 0 - 0) - -2
10
Evaluate -19 - -40 - 8 - 3.
10
What is 150 + -155 - (-2 + -13)?
10
-17 + 1 + (197 - 187)
-6
Calculate 0 + 5 + 9 + -1 + -48 + 10.
-25
Evaluate 5 + -4 - (16 - 9 - 1).
-5
Evaluate 26 + -6 - (-124 + 129).
15
What is the value of (25 + -1 + 11 - 9) + -11?
15
Evaluate -3 + 2 - 0 - 8 - (-1819 - -1786).
24
Calculate 9 - (-9 + 17 + -10).
11
What is the value of -5 + (-23 - (-27 + 13))?
-14
What is the value of 3 + (9 - 11) + (-1 - (13 - 4))?
-9
-1 - 64 - (-946 + 908)
-27
What is the value of (9 - 3) + 0 + -1 + 2 + 1?
8
What is the value of -6 + (8 + -5 + (-29 - -3) - -7)?
-22
What is the value of 787 + -788 + (-21 - -3 - (1 - -1))?
-21
Evaluate -2 + (-14 - -9 - (-1 + -1) - 22).
-27
What is the value of (-4 - -2) + (-10 + -3 - -18)?
3
What is the value of 0 - ((4 - (3 - -2)) + 10 - 7)?
-2
Calculate 22 + (-18 - (-9 - 3) - 4).
12
What is (7 - -7) + -31 - -12?
-5
Calculate 1 + (4 + -17 - -15 - 13).
-10
Calculate 4 - (23 - 12) - -3.
-4
4 + (-6 - -13 - 9) + 18
20
What is the value of 2 + 16 + -28 - (0 + 7)?
-17
(-14 - 11 - -18) + -5
-12
What is the value of (-20 - (9 - 20)) + 11 - 1 - -10?
11
Calculate (-3 + (46 - 0 - 7) - 7) + 9.
38
Calculate -2 + 27 + -23 - (3 - -1).
-2
Calculate 34 + -64 + 17 + 3.
-10
What is 15 - (9 - (-14 + -11))?
-19
What is -7 - ((-1 - 13) + -2)?
9
Calculate -4 + (-17 - -16) - -14.
9
-6 + 13 + -1 + (1 - 6 - 4)
-3
Calculate -20 - (9 + -20) - -14 - (3 + 1).
1
Evaluate 44 + -23 + -40 - -17.
-2
26 + 20 + -30 + 15 + -7 + 1
25
What is the value of 3 + -23 + 8 - (-15 + 7 - -13)?
-17
What is the value of -7 + 0 + -7 + -13 + 27?
0
4 - 2 - (233 + -235)
4
What is the value of -6 + (7 - (-14 - -3) - 1)?
11
What is the value of (13 - 66 - -41) + 1 + 13?
2
-4 + (-6 - -14) + (3 - 11) + 4
0
What is (-4 - 2) + 99 + -86 + -9?
-2
-510 + 501 + (-6 - (-4 - -2))
-13
Calculate -16 - (-44 + 20 + 23).
-15
What is (3 - 0) + (-7 - (-5 + 27))?
-26
What is the value of 1 - -7 - ((3 - -3) + -4 + 4)?
2
What is the value of 41 - (-1 - (-21 - 7))?
14
57 + -55 - (18 + 2 + -3) - -8
-7
What is -3 + ((-1 - -2) + 6 + -15 - -1)?
-10
What is -8 + 20 - (-1 + 7) - 2?
4
What is the value of (-1008 - -993) + (0 + 2 - -18)?
5
What is 2 + 67 + -29 + -30?
10
Evaluate 20 + -3 - -7 - (9 - 0).
15
Calculate -12 - -33 - 28 - 1.
-8
Evaluate 32 - 42 - (-25 + 1).
14
-17 - (-1 + -5 - (8 - (-3 - -12)))
-12
What is -832 + 852 + 1 + -2 + 1 + 0?
20
What is the value of 9 - (5 + -6 - 0) - -2?
12
Calculate -194 + 199 - (18 - (0 + (3 - 3))).
-13
Evaluate -10 + -1 + (0 - -8 - 6) + -18.
-27
Evaluate (9 - 14) + -5 - (3 - 38).
25
242 + -234 + (7 - 1)
14
(23 - 7) + (7 - 9) + -2 + 8
20
-6 - ((13 - 14) + -19)
14
What is (1 + -2 - 7 - -5) + -1?
-4
10 - (27 + -13) - -12
8
What is the value of -15 + -4 - -17 - 4?
-6
Evaluate 7 + 12 + (-12 + -31 - -11).
-13
What is the value of -10 - (-3 + 0) - (20 + -11 - 21)?
5
What is the value of (2 + 5 - -9) + (-2 - 5)?
9
What is (-70 - -72) + 1 + 10 - (8 + -1)?
6
Evaluate -45 - (1 - 11) - -17.
-18
What is 0 - (6 + -3 + 4) - -2?
-5
What is the value of -19 - ((-16 - 24) + 22)?
-1
Evaluate -8 - (-24 - -17) - (2 - -8).
-11
What is (-4 - (1 + 0 + 6 - 8)) + -8?
-11
What is -11 + -32 - -20 - 13?
-36
Calculate -88 + 80 - ((4 - 0) + -1 - -1).
-12
-4 - (-3 + 5) - (-5 + (-1 - -1))
-1
Evaluate (-13 - (0 + (-7 - -3))) + (-6 - 1).
-16
What is the value of -11 + (-7 - -3 - -4) + 4?
-7
Evaluate -2 - (6 + -3 + -17 + 6) - 18.
-12
What is the value of -49 - (-25 - (-30 + 26))?
-28
Evaluate 23 - -16 - (45 + 13).
-19
-7 - (1 + -5) - ((-2 - -1) + -2)
0
What is 12 - 1 - (74 + 5 + -72)?
4
What is -25 + (12 - -18 - 10) + (-9 - 1)?
-15
What is the value of (11 - -7) + -15 - -2?
5
14 + -3 + 0 - ((-27 - -20) + 3)
15
Calculate 46 - (9 - 3 - -10 - -2).
28
What is the value of (-12 - -5 - -6) + 6 + -9 + 7?
3
Calculate -25 - 10 - -18 - -19.
2
5 + -15 - (-18 - -8) - -7
7
(20 - 36) + 21 - 27
-22
36 + -43 - ((3 - (3 - 4)) + -4)
-7
-19 + (2 - (-23 + 12))
-6
What is 112 - 139 - (-21 + 2)?
-8
What is the value of -13 - (-31 - (17 + -19))?
16
What is -6 - ((-12 - -21 - (5 + 1)) + -6)?
-3
Evaluate -16 - (1 + -10 + 3) - (-40 + 23).
7
What is the value of 4 - (0 - 2 - (-246 - -242))?
2
Calculate 5 - (4 - 15 - (3 + -20)).
-1
Calculate 2206 - 2187 - (1 + -8 + 1).
25
What is the value of -2 + 9 - (20 - 15 - 8)?
10
What is the value of 23 - (-20 + 31) - (-2 - -12)?
2
Calculate (8 + -3 - (16 - (4 - -5))) + -6.
-8
(22 - ((8 - -14) + -5)) + 7
12
What is -4 - -24 - (-13 - -1 - -10)?
22
What is 2 + 6 + 4 + -6 + 3 + -6?
3
Evaluate -4 + -5 + (0 - -7) - 1.
-3
(-4 - (4 - -4)) + -1
-13
What is -21 + 30 - (13 - 15)?
11
Calculate -1 + 9 - (-38 - -64 - 22).
4
What is 10 + -2 + -5 + (0 + 3 - -3)?
9
Calculate 0 + -1 - (25 + (-1 + 3 - 14)).
-14
-8 - (4 + 3 + -28)
13
What is (4 - (2 + 9)) + -3 + 0?
-10
What is 37 - (12 + 39) - (-3 - 3)?
-8
What is -7 - (0 + -2 - (5 - (13 + -4)))?
-9
What is the value of -24 + (-5 - -26 - 7)?
-10
What is 19 + 2 - (132 + -109)?
-2
-12 - (1 - 7) - 5 - -7 - -14
10
What is the value of -5 + (-3 - -17 - 2) - 20?
-13
Calculate -3 + 16 + 1 + -230 + 188.
-28
(-8 - (-3 - -16 - 13)) + 9
1
-4 - -20 - 33 - -15
-2
Calculate (0 + -3 - -1) + (-57 - -71) + 5.
17
4 + -1 + -5 + -6 - 6
-14
Calculate 3 + 9 + -10 - 14.
-12
-32 + 25 + -11 - -10
-8
What is (-4 - -9) + -6 + (3 + -20 - -14)?
-4
Calculate 7 + -4 + 5 + -14 + 5 + -10.
-11
(11 - (-7 + 18)) + -29 + (11 - 1)
-19
What is -56 + (-30 - -64) + 9?
-13
Calculate 6 - (-17 - (-2 + 2) - (-597 - -605)).
31
What is the value of (3 - (-6 + -5)) + -12?
2
Calculate -4 + ((-1 - -8) + -6 - -1).
-2
What is 23 - 13 - (-5 + 11 + -1)?
5
Evaluate 2 - 34 - (-72 + 21).
19
What is -14 - (-7 - ((9 - 17) + -1))?
-16
What is 6 + -3 + -16 + (-5 + 4 - -5)?
-9
What is the value of (47 - ((17 - 23) + 15)) + (-11 - -2)?
29
What is the value of 19 + (12 + -1 + -12 - 0)?
18
Evaluate -4 + 7 - (-13 - -8).
8
What is the value of 4 + -1 + (-13 + 17 - (1 + -5))?
11
Calculate 3 + 3 - 13 - (13 + 4 - 10).
-14
Calculate 17 + 3 + (-19 - 12).
-11
Calculate (30 - 31) + 29 - -2.
30
Calculate 15 + (35 - 8) + -18.
24
Evaluate 7 + (0 - -2 - (6 - 2)) + -5.
0
-1 + 1 + -14 + 0
-14
4 - (7 + -1 + -11 + 10)
-1
Calculate (0 + -3 - -1) + -307 + 315.
6
What is 135 + -123 + (3 - 0)?
15
Evaluate (2 - -19 - (7 + -2)) + -51 + 63.
28
Calculate 0 - -2 - (28 - 36).
10
Calculate (1 - -1) + (-57 - -24) - -11.
-20
1 + 17 + (3 - 11 - -3) + -6
7
Evaluate -27 + 0 + 31 + (2 - 7).
-1
Calculate 10 - 2 - (-17 + 8 + 8).
9
(0 - 1) + -20 + 0 + (-5 - -12)
-14
Evaluate (5 - (-1 - 18 - (-3 + 5))) + -12.
14
Calculate 5 + 0 + 33 + -33.
5
Evaluate 1 + (-3 - -2) + -3 + 2.
-1
Calculate 4 + 17 - -7 - 44.
-16
Calculate 3 + -8 + -4 + 1 + 10 - -5.
7
What is the value of 21 + (-2 - -1) + 419 + -423?
16
Evaluate (14 - 1 - 21) + 16 + -4.
4
Evaluate 6 + -2 - -11 - 17.
-2
Evaluate 3 + (-7 - 6 - -2) + 5.
-3
Calculate (9 - -3) + 58 + -67 - (11 - 0).
-8
Evaluate (14 - 2 - -8) + -3 + 1 + 6.
24
Calculate 20 + -13 + 3 + -10.
0
Evaluate 10 + (-53 - -9) + 19.
-15
Evaluate -15 - -23 - (2 - (3 - 4)).
5
Calculate (-3 - -2) + (19 - 17).
1
What is the value of (16 - 15 - (4 + (1 - 3))) + 22?
21
What is the value of 24 + (-17 - -12 - -3 - -1)?
23
Calculate 4 + (4 - 0 - -1) - -1.
10